 when 7197388 is divided by 38.
36
What is the remainder when 11734 is divided by 97?
94
What is the remainder when 4889 is divided by 39?
14
What is the remainder when 1760 is divided by 1472?
288
What is the remainder when 119442 is divided by 26?
24
What is the remainder when 257927 is divided by 257916?
11
Calculate the remainder when 1268952 is divided by 163.
160
Calculate the remainder when 47234 is divided by 28.
26
Calculate the remainder when 193027 is divided by 107.
106
Calculate the remainder when 9949 is divided by 166.
155
Calculate the remainder when 5585 is divided by 2515.
555
What is the remainder when 28762 is divided by 533?
513
Calculate the remainder when 181354 is divided by 437.
436
What is the remainder when 23986 is divided by 103?
90
What is the remainder when 10121 is divided by 5057?
7
Calculate the remainder when 82897 is divided by 199.
113
What is the remainder when 902 is divided by 747?
155
Calculate the remainder when 54608 is divided by 54504.
104
What is the remainder when 21146 is divided by 17?
15
What is the remainder when 3260 is divided by 234?
218
Calculate the remainder when 71275 is divided by 8.
3
Calculate the remainder when 247015 is divided by 1790.
1785
Calculate the remainder when 911 is divided by 106.
63
What is the remainder when 595468 is divided by 690?
688
Calculate the remainder when 32300 is divided by 62.
60
Calculate the remainder when 33414 is divided by 1282.
82
Calculate the remainder when 579 is divided by 49.
40
Calculate the remainder when 1455 is divided by 819.
636
What is the remainder when 74601 is divided by 352?
329
What is the remainder when 44883 is divided by 43?
34
What is the remainder when 131746 is divided by 59?
58
Calculate the remainder when 7845 is divided by 88.
13
What is the remainder when 3077 is divided by 506?
41
What is the remainder when 4613975 is divided by 36?
35
What is the remainder when 34226 is divided by 5703?
8
Calculate the remainder when 115157 is divided by 27.
2
What is the remainder when 21541 is divided by 5383?
9
Calculate the remainder when 200465 is divided by 899.
887
Calculate the remainder when 1804 is divided by 232.
180
What is the remainder when 16863 is divided by 8264?
335
Calculate the remainder when 9078 is divided by 4501.
76
Calculate the remainder when 523442 is divided by 38.
30
What is the remainder when 15237 is divided by 121?
112
What is the remainder when 89881 is divided by 1473?
28
Calculate the remainder when 24225 is divided by 1614.
15
Calculate the remainder when 18446 is divided by 4579.
130
Calculate the remainder when 34596 is divided by 678.
18
Calculate the remainder when 1580 is divided by 146.
120
What is the remainder when 3465 is divided by 861?
21
What is the remainder when 36829 is divided by 36828?
1
What is the remainder when 6222 is divided by 98?
48
Calculate the remainder when 3025 is divided by 1463.
99
What is the remainder when 31282 is divided by 1808?
546
What is the remainder when 59794 is divided by 636?
10
Calculate the remainder when 5241 is divided by 268.
149
Calculate the remainder when 561468 is divided by 11.
6
What is the remainder when 16711 is divided by 29?
7
What is the remainder when 323005 is divided by 103?
100
What is the remainder when 7843612 is divided by 194?
192
Calculate the remainder when 3982 is divided by 94.
34
What is the remainder when 16483 is divided by 1740?
823
What is the remainder when 1359 is divided by 177?
120
What is the remainder when 210980 is divided by 447?
443
What is the remainder when 12642 is divided by 95?
7
Calculate the remainder when 5839 is divided by 223.
41
What is the remainder when 27227 is divided by 649?
618
What is the remainder when 53521 is divided by 17795?
136
What is the remainder when 144249 is divided by 79?
74
Calculate the remainder when 2360 is divided by 608.
536
What is the remainder when 28420 is divided by 14197?
26
What is the remainder when 215791 is divided by 253?
235
Calculate the remainder when 349018 is divided by 37.
34
Calculate the remainder when 174980 is divided by 12.
8
Calculate the remainder when 2606 is divided by 272.
158
Calculate the remainder when 464703 is divided by 13277.
8
What is the remainder when 3981935 is divided by 336?
335
Calculate the remainder when 4037 is divided by 801.
32
What is the remainder when 14206 is divided by 142?
6
What is the remainder when 58917 is divided by 178?
177
What is the remainder when 3555 is divided by 604?
535
What is the remainder when 5298 is divided by 1410?
1068
What is the remainder when 5246 is divided by 1726?
68
What is the remainder when 6056 is divided by 6003?
53
Calculate the remainder when 16529 is divided by 5500.
29
What is the remainder when 123357 is divided by 113?
74
What is the remainder when 4997 is divided by 53?
15
Calculate the remainder when 46142 is divided by 157.
141
What is the remainder when 2145 is divided by 209?
55
Calculate the remainder when 345314 is divided by 110.
24
What is the remainder when 26314 is divided by 571?
48
What is the remainder when 21501 is divided by 74?
41
What is the remainder when 5699 is divided by 129?
23
Calculate the remainder when 25927 is divided by 43.
41
Calculate the remainder when 9250 is divided by 108.
70
What is the remainder when 13797 is divided by 35?
7
What is the remainder when 18662 is divided by 2665?
7
Calculate the remainder when 1487764 is divided by 131.
128
What is the remainder when 3744 is divided by 1245?
9
Calculate the remainder when 2620 is divided by 376.
364
Calculate the remainder when 118 is divided by 24.
22
What is the remainder when 94216 is divided by 23534?
80
What is the remainder when 104203 is divided by 282?
145
What is the remainder when 413 is divided by 192?
29
Calculate the remainder when 166855 is divided by 41712.
7
Calculate the remainder when 3377 is divided by 3363.
14
Calculate the remainder when 3945 is divided by 1310.
15
What is the remainder when 753 is divided by 745?
8
Calculate the remainder when 118858 is divided by 8.
2
What is the remainder when 221667 is divided by 821?
818
What is the remainder when 219772 is divided by 43942?
62
What is the remainder when 401081 is divided by 354?
353
What is the remainder when 4792 is divided by 266?
4
Calculate the remainder when 830 is divided by 281.
268
What is the remainder when 145744 is divided by 5?
4
What is the remainder when 70112 is divided by 458?
38
What is the remainder when 2945 is divided by 1238?
469
What is the remainder when 259538 is divided by 190?
188
What is the remainder when 99094 is divided by 1126?
6
What is the remainder when 626 is divided by 72?
50
Calculate the remainder when 109392 is divided by 452.
8
What is the remainder when 382 is divided by 11?
8
Calculate the remainder when 174481 is divided by 14.
13
Calculate the remainder when 1825605 is divided by 129.
126
Calculate the remainder when 7865 is divided by 393.
5
What is the remainder when 7758 is divided by 35?
23
Calculate the remainder when 10455 is divided by 83.
80
What is the remainder when 615 is divided by 72?
39
Calculate the remainder when 1339 is divided by 519.
301
Calculate the remainder when 20722 is divided by 461.
438
What is the remainder when 1569 is divided by 313?
4
Calculate the remainder when 817071 is divided by 60.
51
Calculate the remainder when 61389 is divided by 30689.
11
Calculate the remainder when 2232216 is divided by 173.
170
What is the remainder when 137511 is divided by 349?
5
What is the remainder when 918146 is divided by 172?
10
Calculate the remainder when 44181 is divided by 22084.
13
Calculate the remainder when 253585 is divided by 22.
13
Calculate the remainder when 7439 is divided by 17.
10
Calculate the remainder when 14521 is divided by 34.
3
What is the remainder when 26605 is divided by 29?
12
What is the remainder when 17515 is divided by 16?
11
Calculate the remainder when 14354 is divided by 417.
176
What is the remainder when 4876 is divided by 188?
176
What is the remainder when 73852 is divided by 23?
22
Calculate the remainder when 27505 is divided by 67.
35
Calculate the remainder when 25355 is divided by 270.
245
Calculate the remainder when 169841